{"id":179,"date":"2017-03-24T11:45:29","date_gmt":"2017-03-24T11:45:29","guid":{"rendered":"http:\/\/forst.igbau.nrw\/?page_id=179"},"modified":"2019-11-15T13:50:30","modified_gmt":"2019-11-15T13:50:30","slug":"ig-bau-landesvertretung-forst-und-naturschutz","status":"publish","type":"page","link":"http:\/\/forst.igbau.nrw\/?page_id=179","title":{"rendered":"IG BAU Landesvertretung Forst und Naturschutz NRW"},"content":{"rendered":"<p>Wir, das ist die&nbsp;Landesvertretung Forst und Naturschutz der&nbsp;Industriegewerkschaft Bauen Agrar Umwelt biete Ihnen auf diesen Seiten eine Blog zu aktuellen Themen aus dem Wald an.<\/p>\n<p>Sie finden hier unter anderem Infos \u00fcber unsere Aktivit\u00e4ten als Fachgewerkschaft und Interessenvertretung f\u00fcr den Wald und die Menschen die hier arbeiten<\/p>\n<p><a href=\"https:\/\/i0.wp.com\/forst.igbau.nrw\/wp-content\/uploads\/2017\/03\/IGBAU_Menschen_klein.png\"><img data-recalc-dims=\"1\" fetchpriority=\"high\" decoding=\"async\" data-attachment-id=\"270\" data-permalink=\"http:\/\/forst.igbau.nrw\/?attachment_id=270\" data-orig-file=\"https:\/\/i0.wp.com\/forst.igbau.nrw\/wp-content\/uploads\/2017\/03\/IGBAU_Menschen_klein.png?fit=408%2C272\" data-orig-size=\"408,272\" data-comments-opened=\"1\" data-image-meta=\"{&quot;aperture&quot;:&quot;0&quot;,&quot;credit&quot;:&quot;&quot;,&quot;camera&quot;:&quot;&quot;,&quot;caption&quot;:&quot;&quot;,&quot;created_timestamp&quot;:&quot;0&quot;,&quot;copyright&quot;:&quot;&quot;,&quot;focal_length&quot;:&quot;0&quot;,&quot;iso&quot;:&quot;0&quot;,&quot;shutter_speed&quot;:&quot;0&quot;,&quot;title&quot;:&quot;&quot;,&quot;orientation&quot;:&quot;0&quot;}\" data-image-title=\"IGBAU_Menschen\" data-image-description=\"\" data-image-caption=\"\" data-large-file=\"https:\/\/i0.wp.com\/forst.igbau.nrw\/wp-content\/uploads\/2017\/03\/IGBAU_Menschen_klein.png?fit=408%2C272\" class=\"aligncenter wp-image-270 size-full\" src=\"https:\/\/i0.wp.com\/forst.igbau.nrw\/wp-content\/uploads\/2017\/03\/IGBAU_Menschen_klein.png?resize=408%2C272\" alt=\"\" width=\"408\" height=\"272\" srcset=\"https:\/\/i0.wp.com\/forst.igbau.nrw\/wp-content\/uploads\/2017\/03\/IGBAU_Menschen_klein.png?w=408 408w, https:\/\/i0.wp.com\/forst.igbau.nrw\/wp-content\/uploads\/2017\/03\/IGBAU_Menschen_klein.png?resize=300%2C200 300w\" sizes=\"(max-width: 408px) 100vw, 408px\" \/><\/a><\/p>\n<p style=\"text-align: center;\">Die Landesvertretung erreichen Sie unter:<\/p>\n<div class=\"column col2 type2\">\n<div id=\"entry16603\" class=\"entry text\">\n<p style=\"text-align: center;\"><span style=\"color: #99cc00;\"><strong>info(at)forst.igbau.nrw<\/strong><\/span><\/p>\n<p style=\"text-align: center;\">oder unter<\/p>\n<p style=\"text-align: center;\"><span style=\"color: #99cc00;\"><strong>Industriegewerkschaft Bauen-Agrar-Umwelt<\/strong><\/span><br \/>\n<span style=\"color: #99cc00;\"><strong> Landesvertretung Forst und Naturschutz NRW<\/strong><\/span><\/p>\n<p style=\"text-align: center;\"><span style=\"color: #99cc00;\"><strong>Lohkamp 7,&nbsp;48565 Steinfurt<\/strong><\/span><\/p>\n<\/div>\n<\/div>\n","protected":false},"excerpt":{"rendered":"<p>Wir, das ist die&nbsp;Landesvertretung Forst und Naturschutz der&nbsp;Industriegewerkschaft Bauen Agrar Umwelt biete Ihnen auf diesen Seiten eine Blog zu aktuellen Themen aus<\/p>\n<p class=\"link-more\"><a class=\"myButt \" href=\"http:\/\/forst.igbau.nrw\/?page_id=179\">Weitere Infos &#8230;<\/a><\/p>\n","protected":false},"author":1,"featured_media":0,"parent":0,"menu_order":0,"comment_status":"closed","ping_status":"closed","template":"","meta":{"ngg_post_thumbnail":0,"jetpack_post_was_ever_published":false,"footnotes":""},"class_list":["post-179","page","type-page","status-publish","hentry"],"jetpack_sharing_enabled":true,"jetpack_shortlink":"https:\/\/wp.me\/P8x7f7-2T","jetpack-related-posts":[],"_links":{"self":[{"href":"http:\/\/forst.igbau.nrw\/index.php?rest_route=\/wp\/v2\/pages\/179","targetHints":{"allow":["GET"]}}],"collection":[{"href":"http:\/\/forst.igbau.nrw\/index.php?rest_route=\/wp\/v2\/pages"}],"about":[{"href":"http:\/\/forst.igbau.nrw\/index.php?rest_route=\/wp\/v2\/types\/page"}],"author":[{"embeddable":true,"href":"http:\/\/forst.igbau.nrw\/index.php?rest_route=\/wp\/v2\/users\/1"}],"replies":[{"embeddable":true,"href":"http:\/\/forst.igbau.nrw\/index.php?rest_route=%2Fwp%2Fv2%2Fcomments&post=179"}],"version-history":[{"count":17,"href":"http:\/\/forst.igbau.nrw\/index.php?rest_route=\/wp\/v2\/pages\/179\/revisions"}],"predecessor-version":[{"id":1397,"href":"http:\/\/forst.igbau.nrw\/index.php?rest_route=\/wp\/v2\/pages\/179\/revisions\/1397"}],"wp:attachment":[{"href":"http:\/\/forst.igbau.nrw\/index.php?rest_route=%2Fwp%2Fv2%2Fmedia&parent=179"}],"curies":[{"name":"wp","href":"https:\/\/api.w.org\/{rel}","templated":true}]}}

<p>Wir, das ist die&nbsp;Landesvertretung Forst und Naturschutz der&nbsp;Industriegewerkschaft Bauen Agrar Umwelt biete Ihnen auf diesen Seiten eine Blog zu aktuellen Themen aus dem Wald an.</p>
<p>Sie finden hier unter anderem Infos über unsere Aktivitäten als Fachgewerkschaft und Interessenvertretung für den Wald und die Menschen die hier arbeiten</p>
<p><a href="https://i0.wp.com/forst.igbau.nrw/wp-content/uploads/2017/03/IGBAU_Menschen_klein.png"><img data-recalc-dims="1" fetchpriority="high" decoding="async" data-attachment-id="270" data-permalink="http://forst.igbau.nrw/?attachment_id=270" data-orig-file="https://i0.wp.com/forst.igbau.nrw/wp-content/uploads/2017/03/IGBAU_Menschen_klein.png?fit=408%2C272" data-orig-size="408,272" data-comments-opened="1" data-image-meta="{&quot;aperture&quot;:&quot;0&quot;,&quot;credit&quot;:&quot;&quot;,&quot;camera&quot;:&quot;&quot;,&quot;caption&quot;:&quot;&quot;,&quot;created_timestamp&quot;:&quot;0&quot;,&quot;copyright&quot;:&quot;&quot;,&quot;focal_length&quot;:&quot;0&quot;,&quot;iso&quot;:&quot;0&quot;,&quot;shutter_speed&quot;:&quot;0&quot;,&quot;title&quot;:&quot;&quot;,&quot;orientation&quot;:&quot;0&quot;}" data-image-title="IGBAU_Menschen" data-image-description="" data-image-caption="" data-large-file="https://i0.wp.com/forst.igbau.nrw/wp-content/uploads/2017/03/IGBAU_Menschen_klein.png?fit=408%2C272" class="aligncenter wp-image-270 size-full" src="https://i0.wp.com/forst.igbau.nrw/wp-content/uploads/2017/03/IGBAU_Menschen_klein.png?resize=408%2C272" alt="" width="408" height="272" srcset="https://i0.wp.com/forst.igbau.nrw/wp-content/uploads/2017/03/IGBAU_Menschen_klein.png?w=408 408w, https://i0.wp.com/forst.igbau.nrw/wp-content/uploads/2017/03/IGBAU_Menschen_klein.png?resize=300%2C200 300w" sizes="(max-width: 408px) 100vw, 408px" /></a></p>
<p style="text-align: center;">Die Landesvertretung erreichen Sie unter:</p>
<div class="column col2 type2">
<div id="entry16603" class="entry text">
<p style="text-align: center;"><span style="color: #99cc00;"><strong>info(at)forst.igbau.nrw</strong></span></p>
<p style="text-align: center;">oder unter</p>
<p style="text-align: center;"><span style="color: #99cc00;"><strong>Industriegewerkschaft Bauen-Agrar-Umwelt</strong></span><br />
<span style="color: #99cc00;"><strong> Landesvertretung Forst und Naturschutz NRW</strong></span></p>
<p style="text-align: center;"><span style="color: #99cc00;"><strong>Lohkamp 7,&nbsp;48565 Steinfurt</strong></span></p>
</div>
</div>
