{"id":195,"date":"2015-12-01T12:00:52","date_gmt":"2015-12-01T12:00:52","guid":{"rendered":"http:\/\/forst.igbau.nrw\/?page_id=195"},"modified":"2017-03-28T08:25:51","modified_gmt":"2017-03-28T08:25:51","slug":"impressum","status":"publish","type":"page","link":"http:\/\/forst.igbau.nrw\/?page_id=195","title":{"rendered":"Impressum"},"content":{"rendered":"<div class=\"section pos1\">\n<div class=\"column col2 type2\">\n<div id=\"entry16603\" class=\"entry text\">\n<p><b>Verantwortlich:<\/b><br \/>\nIndustriegewerkschaft Bauen-Agrar-Umwelt<br \/>\nLandesvertretung Forst und Naturschutz NRW<\/p>\n<p><b>Vertretungsberechtigte Personen der Landesvertretung:<\/b><br \/>\nPeter Wicke,\u00a0Marc Redemann, Stefan D\u00f6rr<\/p>\n<p><b>Inhaltlich verantwortlich:\u00a0<\/b><br \/>\ngem\u00e4\u00df \u00a7 55 Rundfunkstaatsvertrag (RfStV) und<br \/>\n\u00a7 5 Telemediengesetz (TMG) :<br \/>\nPeter Wicke<br \/>\nLandesvorsitzender<br \/>\n<b>Internet-Redaktion:<\/b><br \/>\nIndustriegewerkschaft Bauen-Agrar-Umwelt<br \/>\nLandesvertretung Forst und Naturschutz NRW<\/p>\n<p>&nbsp;<\/p>\n<p>Mail: info(at)forst.igbau.nrw<\/p>\n<p>Industriegewerkschaft Bauen-Agrar-Umwelt<br \/>\nLandesvertretung Forst und Naturschutz NRW<\/p>\n<p>Lohkamp 7,\u00a048565 Steinfurt<\/p>\n<\/div>\n<\/div>\n<div class=\"end-columns\"><\/div>\n<\/div>\n<div class=\"section pos2\">\n<div class=\"column col2 type3\">\n<div class=\"entry headline\">\n<h3>Rechtshinweis<\/h3>\n<\/div>\n<div id=\"entry16837\" class=\"entry text\">\n<p>Die Landesvertretung Forst und Naturschutz NRW pr\u00fcft und aktualisiert st\u00e4ndig die Informationen auf ihren Blogseiten. Die ihnen zugrunde liegenden Fakten und Daten k\u00f6nnen sich dennoch zwischenzeitlich ge\u00e4ndert haben. Deshalb kann trotz aller Sorgfalt keine Haftung oder Garantie f\u00fcr Aktualit\u00e4t, Richtigkeit und Vollst\u00e4ndigkeit der zur Verf\u00fcgung gestellten Informationen \u00fcbernommen werden. Gleiches gilt auch f\u00fcr alle anderen Websites, auf die mittels Hyperlink verwiesen wird. Die IG BAU Landesvertretung Forst und Naturschutz NRW ist f\u00fcr den Inhalt der Websites, die aufgrund einer solchen Verbindung erreicht werden, nicht verantwortlich.<br \/>\nDie IG BAU Landesvertretung Forst und Naturschutz NRW beh\u00e4lt sich das Recht vor, die bereitgestellten Informationen zu \u00e4ndern oder zu erg\u00e4nzen. Inhalte, Struktur und Erscheinungsbild der Websites der IG BAU Landesvertretung Forst und Naturschutz NRW sind urheberrechtlich und nutzungsrechtlich gesch\u00fctzt.<\/p>\n<p>Davon nicht ber\u00fchrt sind die im Rahmen der geltenden Lizenzvorgaben und Nutzungsbedingungen von WordPress die als\u00a0freie Software unter der GNU General Public License\u00a0 genutzt wird.<\/p>\n<\/div>\n<div class=\"entry headline\">\n<h3>Datenschutz<\/h3>\n<\/div>\n<div id=\"entry16839\" class=\"entry text\">\n<p>Durch den Zugriff auf http:\/\/forst.igbau.nrw\u00a0\u00a0werden ggf. Informationen \u00fcber Zugriff (Datum und Uhrzeit, betrachtete Seite) und den Weg zu uns gespeichert. Diese Daten geh\u00f6ren nicht zu den personenbezogenen Daten. Sie werden ausschlie\u00dflich zu statistischen Zwecken ausgewertet. Nur so k\u00f6nnen wir unser Angebot f\u00fcr Sie optimieren.<\/p>\n<\/div>\n<p><a href=\"https:\/\/i0.wp.com\/forst.igbau.nrw\/wp-content\/uploads\/2015\/12\/igbau.jpg\"><img data-recalc-dims=\"1\" fetchpriority=\"high\" decoding=\"async\" data-attachment-id=\"272\" data-permalink=\"http:\/\/forst.igbau.nrw\/?attachment_id=272\" data-orig-file=\"https:\/\/i0.wp.com\/forst.igbau.nrw\/wp-content\/uploads\/2015\/12\/igbau-e1491224743510.jpg?fit=600%2C219\" data-orig-size=\"600,219\" data-comments-opened=\"1\" data-image-meta=\"{&quot;aperture&quot;:&quot;0&quot;,&quot;credit&quot;:&quot;&quot;,&quot;camera&quot;:&quot;&quot;,&quot;caption&quot;:&quot;&quot;,&quot;created_timestamp&quot;:&quot;0&quot;,&quot;copyright&quot;:&quot;&quot;,&quot;focal_length&quot;:&quot;0&quot;,&quot;iso&quot;:&quot;0&quot;,&quot;shutter_speed&quot;:&quot;0&quot;,&quot;title&quot;:&quot;&quot;,&quot;orientation&quot;:&quot;0&quot;}\" data-image-title=\"IG BAU Logo\" data-image-description=\"\" data-image-caption=\"\" data-large-file=\"https:\/\/i0.wp.com\/forst.igbau.nrw\/wp-content\/uploads\/2015\/12\/igbau-e1491224743510.jpg?fit=640%2C320\" class=\"aligncenter size-large wp-image-272\" src=\"https:\/\/i0.wp.com\/forst.igbau.nrw\/wp-content\/uploads\/2015\/12\/igbau.jpg?resize=640%2C320\" alt=\"\" width=\"640\" height=\"320\" \/><\/a><\/p>\n<div class=\"entry headline\"><\/div>\n<div id=\"entry16841\" class=\"entry text\"><\/div>\n<\/div>\n<\/div>\n","protected":false},"excerpt":{"rendered":"<p>Verantwortlich: Industriegewerkschaft Bauen-Agrar-Umwelt Landesvertretung Forst und Naturschutz NRW Vertretungsberechtigte Personen der Landesvertretung: Peter Wicke,\u00a0Marc Redemann, Stefan D\u00f6rr Inhaltlich verantwortlich:\u00a0 gem\u00e4\u00df \u00a7 55<\/p>\n<p class=\"link-more\"><a class=\"myButt \" href=\"http:\/\/forst.igbau.nrw\/?page_id=195\">Weitere Infos &#8230;<\/a><\/p>\n","protected":false},"author":1,"featured_media":0,"parent":0,"menu_order":0,"comment_status":"closed","ping_status":"closed","template":"","meta":{"ngg_post_thumbnail":0,"jetpack_post_was_ever_published":false,"footnotes":""},"class_list":["post-195","page","type-page","status-publish","hentry"],"jetpack_sharing_enabled":true,"jetpack_shortlink":"https:\/\/wp.me\/P8x7f7-39","jetpack-related-posts":[],"_links":{"self":[{"href":"http:\/\/forst.igbau.nrw\/index.php?rest_route=\/wp\/v2\/pages\/195","targetHints":{"allow":["GET"]}}],"collection":[{"href":"http:\/\/forst.igbau.nrw\/index.php?rest_route=\/wp\/v2\/pages"}],"about":[{"href":"http:\/\/forst.igbau.nrw\/index.php?rest_route=\/wp\/v2\/types\/page"}],"author":[{"embeddable":true,"href":"http:\/\/forst.igbau.nrw\/index.php?rest_route=\/wp\/v2\/users\/1"}],"replies":[{"embeddable":true,"href":"http:\/\/forst.igbau.nrw\/index.php?rest_route=%2Fwp%2Fv2%2Fcomments&post=195"}],"version-history":[{"count":8,"href":"http:\/\/forst.igbau.nrw\/index.php?rest_route=\/wp\/v2\/pages\/195\/revisions"}],"predecessor-version":[{"id":290,"href":"http:\/\/forst.igbau.nrw\/index.php?rest_route=\/wp\/v2\/pages\/195\/revisions\/290"}],"wp:attachment":[{"href":"http:\/\/forst.igbau.nrw\/index.php?rest_route=%2Fwp%2Fv2%2Fmedia&parent=195"}],"curies":[{"name":"wp","href":"https:\/\/api.w.org\/{rel}","templated":true}]}}

<div class="section pos1">
<div class="column col2 type2">
<div id="entry16603" class="entry text">
<p><b>Verantwortlich:</b><br />
Industriegewerkschaft Bauen-Agrar-Umwelt<br />
Landesvertretung Forst und Naturschutz NRW</p>
<p><b>Vertretungsberechtigte Personen der Landesvertretung:</b><br />
Peter Wicke, Marc Redemann, Stefan Dörr</p>
<p><b>Inhaltlich verantwortlich: </b><br />
gemäß § 55 Rundfunkstaatsvertrag (RfStV) und<br />
§ 5 Telemediengesetz (TMG) :<br />
Peter Wicke<br />
Landesvorsitzender<br />
<b>Internet-Redaktion:</b><br />
Industriegewerkschaft Bauen-Agrar-Umwelt<br />
Landesvertretung Forst und Naturschutz NRW</p>
<p>&nbsp;</p>
<p>Mail: info(at)forst.igbau.nrw</p>
<p>Industriegewerkschaft Bauen-Agrar-Umwelt<br />
Landesvertretung Forst und Naturschutz NRW</p>
<p>Lohkamp 7, 48565 Steinfurt</p>
</div>
</div>
<div class="end-columns"></div>
</div>
<div class="section pos2">
<div class="column col2 type3">
<div class="entry headline">
<h3>Rechtshinweis</h3>
</div>
<div id="entry16837" class="entry text">
<p>Die Landesvertretung Forst und Naturschutz NRW prüft und aktualisiert ständig die Informationen auf ihren Blogseiten. Die ihnen zugrunde liegenden Fakten und Daten können sich dennoch zwischenzeitlich geändert haben. Deshalb kann trotz aller Sorgfalt keine Haftung oder Garantie für Aktualität, Richtigkeit und Vollständigkeit der zur Verfügung gestellten Informationen übernommen werden. Gleiches gilt auch für alle anderen Websites, auf die mittels Hyperlink verwiesen wird. Die IG BAU Landesvertretung Forst und Naturschutz NRW ist für den Inhalt der Websites, die aufgrund einer solchen Verbindung erreicht werden, nicht verantwortlich.<br />
Die IG BAU Landesvertretung Forst und Naturschutz NRW behält sich das Recht vor, die bereitgestellten Informationen zu ändern oder zu ergänzen. Inhalte, Struktur und Erscheinungsbild der Websites der IG BAU Landesvertretung Forst und Naturschutz NRW sind urheberrechtlich und nutzungsrechtlich geschützt.</p>
<p>Davon nicht berührt sind die im Rahmen der geltenden Lizenzvorgaben und Nutzungsbedingungen von WordPress die als freie Software unter der GNU General Public License  genutzt wird.</p>
</div>
<div class="entry headline">
<h3>Datenschutz</h3>
</div>
<div id="entry16839" class="entry text">
<p>Durch den Zugriff auf http://forst.igbau.nrw  werden ggf. Informationen über Zugriff (Datum und Uhrzeit, betrachtete Seite) und den Weg zu uns gespeichert. Diese Daten gehören nicht zu den personenbezogenen Daten. Sie werden ausschließlich zu statistischen Zwecken ausgewertet. Nur so können wir unser Angebot für Sie optimieren.</p>
</div>
<p><a href="https://i0.wp.com/forst.igbau.nrw/wp-content/uploads/2015/12/igbau.jpg"><img data-recalc-dims="1" fetchpriority="high" decoding="async" data-attachment-id="272" data-permalink="http://forst.igbau.nrw/?attachment_id=272" data-orig-file="https://i0.wp.com/forst.igbau.nrw/wp-content/uploads/2015/12/igbau-e1491224743510.jpg?fit=600%2C219" data-orig-size="600,219" data-comments-opened="1" data-image-meta="{&quot;aperture&quot;:&quot;0&quot;,&quot;credit&quot;:&quot;&quot;,&quot;camera&quot;:&quot;&quot;,&quot;caption&quot;:&quot;&quot;,&quot;created_timestamp&quot;:&quot;0&quot;,&quot;copyright&quot;:&quot;&quot;,&quot;focal_length&quot;:&quot;0&quot;,&quot;iso&quot;:&quot;0&quot;,&quot;shutter_speed&quot;:&quot;0&quot;,&quot;title&quot;:&quot;&quot;,&quot;orientation&quot;:&quot;0&quot;}" data-image-title="IG BAU Logo" data-image-description="" data-image-caption="" data-large-file="https://i0.wp.com/forst.igbau.nrw/wp-content/uploads/2015/12/igbau-e1491224743510.jpg?fit=640%2C320" class="aligncenter size-large wp-image-272" src="https://i0.wp.com/forst.igbau.nrw/wp-content/uploads/2015/12/igbau.jpg?resize=640%2C320" alt="" width="640" height="320" /></a></p>
<div class="entry headline"></div>
<div id="entry16841" class="entry text"></div>
</div>
</div>

<p>Verantwortlich: Industriegewerkschaft Bauen-Agrar-Umwelt Landesvertretung Forst und Naturschutz NRW Vertretungsberechtigte Personen der Landesvertretung: Peter Wicke, Marc Redemann, Stefan Dörr Inhaltlich verantwortlich:  gemäß § 55</p>
<p class="link-more"><a class="myButt " href="http://forst.igbau.nrw/?page_id=195">Weitere Infos &#8230;</a></p>
